be the first derivative of -3*z**2/2 + 5*z + 10. Let a be l(g). What is the highest common factor of 4 and a?
4
Suppose 0 = -7*l - 768 - 436. Let q = l + 238. Calculate the highest common factor of q and 33.
33
Suppose 2*b = -4*t - 7672, -5*t + 8*b - 9601 = 5*b. Let a = t + 1922. Let x(h) = h**2 - h + 1. Let i be x(0). Calculate the highest common divisor of a and i.
1
Let a(w) = 7*w + 14. Let g be a(8). Let q = 147 + -147. Suppose 0 = -5*v - r + g, -2*v + q*v - 3*r = -15. Calculate the greatest common factor of v and 15.
15
Let x = 1397 + 18511. What is the highest common divisor of x and 756?
252
Let b(h) = -h**3 - 7*h**2 + 20*h + 147. Let g be b(-7). Let x(s) = 22*s + 7. Let n be x(-3). Let i = n + 115. Calculate the greatest common factor of i and g.
7
Let a = 16764 + -16737. What is the highest common factor of 117 and a?
9
Let s(t) = -20*t + 90. Let x be s(-21). Let z = x + -188. What is the highest common divisor of z and 14?
14
Let n be 684/(-16758) - (-501960)/98. What is the highest common divisor of n and 52?
26
Let n be 126 - 116 - 1*-167. What is the highest common factor of n and 6?
3
Let q(d) = d**3 - 4*d**2 + 6*d - 7. Let a be q(3). Suppose -3*p + 35 = a*p. Let y be (0 + (-120)/(-7))*p. What is the highest common factor of 15 and y?
15
Let h be 21/24 + (-30850)/(-400). What is the highest common factor of 1898 and h?
26
Let j be 52/12 - (-4)/6. Suppose 394*m = u + 397*m - 49, m - 12 = 2*m. What is the highest common factor of u and j?
5
Let o(x) = -4*x**3 - 15*x**2 - 91*x + 52. Let f be o(-14). What is the highest common divisor of f and 906?
302
Suppose -17*r + 9922 + 3867 = -2259. What is the greatest common factor of r and 295?
59
Let b(l) = 16*l**2 - 207*l - 2. Let p be b(13). Let v = -11 + 14. Let a be 2 + 2*14 + v. Calculate the greatest common factor of a and p.
11
Suppose -13090 = 15*z + 1235. Let y = z + 1668. Calculate the highest common divisor of y and 23.
23
Let s be (-59361418)/(-732) + (-14)/(-12). Calculate the highest common factor of s and 24.
24
Suppose 0 = 5*r + 4*y - 11554, 52*y - 46*y = -24. Calculate the greatest common factor of r and 178.
178
Let q = -2438 - -4024. Calculate the greatest common divisor of 244 and q.
122
Let y be (-1636)/(-32) + 2/(-16). Let m(c) = c**3 - 32*c**2 - 73*c + 179. Let s be m(34). Calculate the greatest common divisor of s and y.
3
Suppose -4*r - 6 = -7*r. Suppose -r*p + 6 = -0*p. Suppose -p*k + 294 + 81 = 0. What is the highest common divisor of 50 and k?
25
Let j be (87 - -1)/(8 + 1 + -7). Suppose j = -4*c + 68. What is the highest common divisor of 39 and c?
3
Let a(w) = w**3 + 13*w**2 - 16*w - 218. Let z be a(-13). Let b = -6 + 1. Let x be b - (z/2 - 308). Calculate the highest common divisor of 28 and x.
28
Suppose 1 = 4*m - 3, 2*m = -d + 7. Suppose d*y = -5*y + 100. Calculate the highest common divisor of 35 and y.
5
Suppose -4*u + 0*u = -4*p + 116, 2*p + 2*u = 66. Suppose -2*j + 180 = -19*j - 92. Let o = p + j. What is the greatest common divisor of 120 and o?
15
Let r = 2265 + -2110. Calculate the highest common divisor of 95 and r.
5
Let z = 5806 + -5082. Calculate the greatest common divisor of 1267 and z.
181
Suppose -3*a + 338 + 955 = 3*z, -5*z = -4*a - 2146. Suppose -6*l + l = -z. Suppose 7*b - 47 = l. What is the greatest common factor of 228 and b?
19
Suppose 64*g - 41*g = 12650. What is the greatest common divisor of g and 1870?
110
Let z(t) = -t**2 - 2*t - 1. Let y be z(-1). Suppose -28*m + m + 54 = y. Calculate the highest common factor of 20 and m.
2
Let b = 110 - 115. Let g = 19 + b. Let n be (-81)/3*(-14)/3. What is the highest common factor of n and g?
14
Let j(o) = -94*o - 72. Let a be j(-1). What is the greatest common divisor of 583 and a?
11
Let l(f) = -2*f**2 + 71*f - 461. Let t be l(9). Calculate the highest common divisor of 1512 and t.
8
Let a be (-10 - 0/(-2))/(-1). Let s be 5/(a/28) - 1. Suppose -12*l + 17*l + t = 267, 277 = 6*l - 5*t. Calculate the greatest common factor of s and l.
13
Suppose -4*w + r + 1280 = -0*w, 0 = -4*r. Let d(x) = x - 24. Let f be d(34). Calculate the greatest common divisor of w and f.
10
Suppose -55*o + 86*o - 1612 = 0. Let g = -12 + 12. Suppose u - 519 = -4*x, g*x - x - 4*u = -126. Calculate the greatest common factor of x and o.
26
Suppose 0 = -192*l + 185*l - 1400. Let d = -184 - l. What is the greatest common divisor of d and 224?
16
Let i be (-2)/8 - 130/(-8). Let z = -1600 - -1816. Calculate the highest common factor of z and i.
8
Let u(a) = 5*a + 18. Let h be u(-2). Let d be (-2 - 2) + -9 + h. Let i = 2 - d. What is the highest common factor of i and 7?
7
Let t(m) = m + 16. Let k be t(-7). Suppose -3*a + 6 = -k. Suppose 107 = s + 5*c - 98, a*s + 2*c = 956. What is the greatest common divisor of 10 and s?
10
Let z(s) = -116*s + 8104. Let r be z(11). Calculate the greatest common factor of 12 and r.
12
Suppose 12*d - 26*d = 107 - 863. Calculate the greatest common factor of d and 2250.
18
Suppose 22*k - 80 = 30*k. Let n(t) = -t**3 - 10*t**2 - 21*t + 2. Let b be n(k). Calculate the greatest common divisor of 53 and b.
53
Suppose -v = 3*d - 13801, 1543 = 4*d - 5*v - 16833. What is the greatest common factor of d and 126?
63
Suppose 26*h + 1328 = 192*h. Suppose -3*j + 5*j + 7 = -v, 4*v = -4. Let s be (-33)/4*32/j. What is the greatest common divisor of h and s?
8
Let w = 27106 - 27066. Calculate the greatest common divisor of 2420 and w.
20
Suppose 4*y - 50*y + 6624 = 0. What is the greatest common factor of y and 672?
48
Suppose -4*k = 462 + 42. Let t = -106 - k. Calculate the highest common factor of 70 and t.
10
Let y = -91 - -95. Suppose 0 = -u - 0*u - 2, 5*c + y*u = 467. Calculate the highest common factor of c and 5.
5
Suppose 2*d = 1514 + 1956. Suppose 17*u - d = 645. Let k(p) = 3*p - 10. Let c be k(10). What is the greatest common factor of u and c?
20
Let v = 47 - 47. Let p be -73 + v/1 + 6/(-2). Let f = p - -195. Calculate the greatest common divisor of 17 and f.
17
Let b be -7 - (30/(-5) - 4). Suppose 5*u - 54 = -b*l, -5*l = 2*u - 7 - 7. What is the greatest common divisor of 92 and u?
4
Suppose 3*y - 4*t = 1415, -3*y + 107 = t - 1313. Let z = y + -236. Suppose -77 = 4*i - z. What is the greatest common divisor of 60 and i?
20
Let m be (21 + -3)*6/(-18). Let f = -21 - -38. Let u = m + f. What is the highest common divisor of u and 11?
11
Let r = -5260 - -5347. Calculate the highest common divisor of 3741 and r.
87
Suppose 16*v - 2096 = 8*v - 5*s, -4*s - 786 = -3*v. Calculate the greatest common divisor of v and 2751.
131
Suppose -2*o + 7 = -3. Let z be (420/(-840))/((-2)/4). Calculate the highest common factor of o and z.
1
Let a(s) = 421*s - 33. Let d be a(13). Suppose -4592 - d = -24*k. Calculate the greatest common divisor of k and 76.
38
Let o be -2*(-435)/10 - -3. Let s = 18439 - 18319. Calculate the highest common factor of s and o.
30
Let w(l) = 117*l + 639. Let j be w(7). What is the highest common divisor of 54 and j?
54
Let b = 6649 + -6616. Calculate the highest common factor of b and 704.
11
Let l be -60*1/3*(-7 - (2 - 4)). What is the highest common factor of 4175 and l?
25
Let q be 504/22 + 93/1023. Calculate the highest common divisor of q and 253.
23
Let s be (-1*12/(-18))/(42/189). Suppose 2*z = 2*i + 6, -4*z = -3*i + i - 16. What is the greatest common divisor of s and i?
1
Let f be 6/4*(-14 - -16). Let a(z) = 19*z - 17. Let g be a(f). What is the greatest common factor of 20 and g?
20
Let y(r) = -r**3 + 78*r**2 + 7*r - 266. Let b be y(78). What is the greatest common divisor of 7420 and b?
140
Suppose 91 = -4*l + 1331. Suppose 0 = -i - 4*r + 70, -r + 21 = 5*i - l. Calculate the highest common divisor of i and 6.
6
Let i be (-1185375)/(-22127) + (0 - (-6)/14). Let j = 23 + 4. What is the greatest common factor of i and j?
27
Suppose 10 = -7*y + 255. Let n = -40 - y. Let q be ((-4)/6)/(85/n - -1). Calculate the greatest common factor of q and 2.
1
Let z(p) = 27*p + 5. Let i be z(1). What is the greatest common divisor of i and 32?
32
Let o(v) = -2*v**3 - 35*v**2 + v - 53. Let n be o(-18). Let p = -48 - -71. What is the greatest common factor of p and n?
23
Suppose 0 = 6*b - 10*b + 5*q + 15, 4*q + 16 = 4*b. Suppose 4*f - 362 = -3*c + 473, -b*c - f = -1369. What is the greatest common 